{"id":37,"date":"2019-07-30T05:39:29","date_gmt":"2019-07-30T05:39:29","guid":{"rendered":"https:\/\/demo.themefarmer.com\/newstore\/product\/import-placeholder-for-87\/"},"modified":"2021-07-21T11:33:43","modified_gmt":"2021-07-21T11:33:43","slug":"resistencia-infravermelho-concava-rci-2t-60x245mm","status":"publish","type":"product","link":"https:\/\/www.resistenciasinfravermelho.com.br\/loja2\/?product=resistencia-infravermelho-concava-rci-2t-60x245mm","title":{"rendered":"Resist\u00eancia Infravermelho C\u00f4ncava RCI-2T 60x245mm"},"content":{"rendered":"<p>Pot\u00eancias: 250W, 400W, 500W, 650W, 900W e 1000W &#8211; Tens\u00e3o: 220V.<br \/>\nFixa\u00e7\u00e3o: Tubo central<br \/>\nResist\u00eancias Cer\u00e2micas &#8211; Esmalte Branco, Rosa, Amarelo e Preto<br \/>\nAplica\u00e7\u00f5es: Vacuum forming, secagem t\u00eaxteis, resinas, pap\u00e9is, tintas, solventes, etc.<br \/>\nFornecemos tamb\u00e9m resist\u00eancias montadas em refletor de a\u00e7o inox ou conforme necessidade do cliente.<\/p>\n","protected":false},"excerpt":{"rendered":"<p>Pot\u00eancias: 250W, 400W, 500W, 650W, 900W e 1000W &#8211; Tens\u00e3o: 220V.<\/p>\n<p>Prazo de Fabrica\u00e7\u00e3o: 10 dias \u00fateis<\/p>\n","protected":false},"featured_media":583,"comment_status":"open","ping_status":"closed","template":"","meta":[],"product_brand":[],"product_cat":[19],"product_tag":[73,72,53,52,55,84],"class_list":{"0":"post-37","1":"product","2":"type-product","3":"status-publish","4":"has-post-thumbnail","6":"product_cat-resistencia-infravermelho-ceramica-concava","7":"product_tag-loja-de-resistencias-infravermelho","8":"product_tag-loja-de-termopares","9":"product_tag-resistencia-eletrica","10":"product_tag-resistencia-infravermelho","11":"product_tag-resistencia-infravermelho-concava","12":"product_tag-termoformador","14":"first","15":"onbackorder","16":"featured","17":"product-type-simple"},"_links":{"self":[{"href":"https:\/\/www.resistenciasinfravermelho.com.br\/loja2\/index.php?rest_route=\/wp\/v2\/product\/37","targetHints":{"allow":["GET"]}}],"collection":[{"href":"https:\/\/www.resistenciasinfravermelho.com.br\/loja2\/index.php?rest_route=\/wp\/v2\/product"}],"about":[{"href":"https:\/\/www.resistenciasinfravermelho.com.br\/loja2\/index.php?rest_route=\/wp\/v2\/types\/product"}],"replies":[{"embeddable":true,"href":"https:\/\/www.resistenciasinfravermelho.com.br\/loja2\/index.php?rest_route=%2Fwp%2Fv2%2Fcomments&post=37"}],"wp:featuredmedia":[{"embeddable":true,"href":"https:\/\/www.resistenciasinfravermelho.com.br\/loja2\/index.php?rest_route=\/wp\/v2\/media\/583"}],"wp:attachment":[{"href":"https:\/\/www.resistenciasinfravermelho.com.br\/loja2\/index.php?rest_route=%2Fwp%2Fv2%2Fmedia&parent=37"}],"wp:term":[{"taxonomy":"product_brand","embeddable":true,"href":"https:\/\/www.resistenciasinfravermelho.com.br\/loja2\/index.php?rest_route=%2Fwp%2Fv2%2Fproduct_brand&post=37"},{"taxonomy":"product_cat","embeddable":true,"href":"https:\/\/www.resistenciasinfravermelho.com.br\/loja2\/index.php?rest_route=%2Fwp%2Fv2%2Fproduct_cat&post=37"},{"taxonomy":"product_tag","embeddable":true,"href":"https:\/\/www.resistenciasinfravermelho.com.br\/loja2\/index.php?rest_route=%2Fwp%2Fv2%2Fproduct_tag&post=37"}],"curies":[{"name":"wp","href":"https:\/\/api.w.org\/{rel}","templated":true}]}}